{"id":14,"date":"2023-02-16T16:26:04","date_gmt":"2023-02-16T16:26:04","guid":{"rendered":"http:\/\/kluboaza.pl\/?page_id=14"},"modified":"2025-12-10T16:02:46","modified_gmt":"2025-12-10T16:02:46","slug":"instruktorzy","status":"publish","type":"page","link":"https:\/\/kluboaza.pl\/index.php\/instruktorzy\/","title":{"rendered":"Instruktorzy"},"content":{"rendered":"\n<p><span style=\"text-decoration: underline;\"><strong>mgr Agnieszka Milczarek<\/strong> <\/span>&#8211; Uko\u0144czy\u0142a kursy Zumba Fitness, Strong by Zumba oraz Zumba Kids. Aktywnie uczestniczy\u0142a w wydarzeniach tanecznych i warsztatach, m.in. prowadzonych przez Rafa\u0142a Maseraka. Pasjonatka muzyki latynoskiej, nieustannie rozwija swoje umiej\u0119tno\u015bci, bior\u0105c udzia\u0142 w kursach Kizomby <br>i Bachaty pod kierunkiem Karoliny i \u0141ukasza Vamula oraz Natalii <br>i Raydelem. W klubie Oaza za\u0142o\u017cy\u0142a i prowadzi grup\u0119 taneczn\u0105 Zumbiki.<\/p>\n\n\n\n<p><strong><span style=\"text-decoration: underline;\">mgr Dorota Markowska<\/span><\/strong> &#8211; Absolwentka Akademii Wychowania Fizycznego im. J\u00f3zefa Pi\u0142sudskiego w Warszawie. Uko\u0144czy\u0142a studia podyplomowe w zakresie: Profilaktyki wad postawy i korektywy. Kontakt: 698 325 770<\/p>\n\n\n\n<p><span style=\"text-decoration: underline;\"><strong>mgr Ewa Popek<\/strong><\/span> &#8211; Instruktor plastyki z pasj\u0105 do rozwijania kreatywno\u015bci i wra\u017cliwo\u015bci artystycznej swoich podopiecznych. <br>Z zaanga\u017cowaniem prowadzi zaj\u0119cia, inspiruj\u0105c do eksperymentowania z r\u00f3\u017cnorodnymi technikami i materia\u0142ami. Wspiera indywidualny rozw\u00f3j umiej\u0119tno\u015bci manualnych oraz tw\u00f3rczego my\u015blenia, pomagaj\u0105c odkrywa\u0107 i rozwija\u0107 artystyczny potencja\u0142 ka\u017cdego uczestnika.<\/p>\n\n\n\n<p><span style=\"text-decoration: underline;\"><strong>mgr Grzegorz Gwia\u017adzi\u0144ski<\/strong> <\/span>&#8211; Instruktor ta\u0144ca oraz s\u0119dzia ta\u0144ca towarzyskiego i nowoczesnego z wieloletnim do\u015bwiadczeniem. Ponadto pe\u0142ni rol\u0119 DJ-a i prezentera muzycznego oraz wodzireja, zapewniaj\u0105c profesjonaln\u0105 opraw\u0119 muzyczn\u0105 <br>i prowadzenie imprez. Kontakt: 694 506 813.<\/p>\n\n\n\n<p><strong><span style=\"text-decoration: underline;\">mgr Monika Kubik <\/span><\/strong>&#8211; Absolwentka Wydzia\u0142u Wokalno-Aktorskiego Akademii Muzycznej im. Feliksa Nowowiejskiego w Bydgoszczy oraz studium pedagogicznego z zakresu metodyki \u015bpiewu solowego. Wielokrotna uczestniczka kurs\u00f3w wokalistyki operowej oraz juror konkurs\u00f3w wokalnych. Prowadzi\u0142a wyk\u0142ady dotycz\u0105ce nauczania \u015bpiewu i emisji g\u0142osu. Koncertowa\u0142a mi\u0119dzy innymi <br>w Bydgoszczy, Nakle nad Noteci\u0105, Zdunach oraz Skierniewicach.<\/p>\n\n\n\n<p>&nbsp;<\/p>\n","protected":false},"excerpt":{"rendered":"<p>mgr Agnieszka Milczarek &#8211; Uko\u0144czy\u0142a kursy Zumba Fitness, Strong by Zumba oraz Zumba Kids. Aktywnie uczestniczy\u0142a&#46;&#46;&#46;<\/p>\n","protected":false},"author":1,"featured_media":0,"parent":0,"menu_order":11,"comment_status":"closed","ping_status":"closed","template":"","meta":{"_eb_attr":"","_uag_custom_page_level_css":"","footnotes":""},"class_list":["post-14","page","type-page","status-publish","hentry"],"uagb_featured_image_src":{"full":false,"thumbnail":false,"medium":false,"medium_large":false,"large":false,"1536x1536":false,"2048x2048":false,"screenplan-small":false,"screenplan-medium":false,"screenplan-large":false,"screenplan-large-h":false,"alx-small":false,"alx-medium":false},"uagb_author_info":{"display_name":"admin6190","author_link":"https:\/\/kluboaza.pl\/index.php\/author\/admin6190\/"},"uagb_comment_info":0,"uagb_excerpt":"mgr Agnieszka Milczarek &#8211; Uko\u0144czy\u0142a kursy Zumba Fitness, Strong by Zumba oraz Zumba Kids. Aktywnie uczestniczy\u0142a&#46;&#46;&#46;","_links":{"self":[{"href":"https:\/\/kluboaza.pl\/index.php\/wp-json\/wp\/v2\/pages\/14","targetHints":{"allow":["GET"]}}],"collection":[{"href":"https:\/\/kluboaza.pl\/index.php\/wp-json\/wp\/v2\/pages"}],"about":[{"href":"https:\/\/kluboaza.pl\/index.php\/wp-json\/wp\/v2\/types\/page"}],"author":[{"embeddable":true,"href":"https:\/\/kluboaza.pl\/index.php\/wp-json\/wp\/v2\/users\/1"}],"replies":[{"embeddable":true,"href":"https:\/\/kluboaza.pl\/index.php\/wp-json\/wp\/v2\/comments?post=14"}],"version-history":[{"count":60,"href":"https:\/\/kluboaza.pl\/index.php\/wp-json\/wp\/v2\/pages\/14\/revisions"}],"predecessor-version":[{"id":3024,"href":"https:\/\/kluboaza.pl\/index.php\/wp-json\/wp\/v2\/pages\/14\/revisions\/3024"}],"wp:attachment":[{"href":"https:\/\/kluboaza.pl\/index.php\/wp-json\/wp\/v2\/media?parent=14"}],"curies":[{"name":"wp","href":"https:\/\/api.w.org\/{rel}","templated":true}]}}