{"id":405,"date":"2023-04-18T17:03:08","date_gmt":"2023-04-18T17:03:08","guid":{"rendered":"http:\/\/kluboaza.pl\/?page_id=405"},"modified":"2025-10-29T17:46:00","modified_gmt":"2025-10-29T17:46:00","slug":"gimnastyka-korekcyjna","status":"publish","type":"page","link":"https:\/\/kluboaza.pl\/index.php\/gimnastyka-korekcyjna\/","title":{"rendered":"Gimnastyka korekcyjna"},"content":{"rendered":"\n<p class=\"has-black-color has-vivid-purple-background-color has-text-color has-background\"><strong>Instruktor: <\/strong>mgr Dorota Markowska<\/p>\n\n\n\n<p><br><img decoding=\"async\" class=\"wp-image-2257\" style=\"width: 150px;\" src=\"https:\/\/kluboaza.pl\/wp-content\/uploads\/2024\/04\/Gimn-Kor-kopia.png\" alt=\"\"><br>&#8211; Korekcja Wad Postawy<br> * skolioza <br> * lordoza<br> * kifoza<br>&#8211; Wady st\u00f3p &#8211; p\u0142askostopie<br>&#8211; Tonus mi\u0119\u015bniowy<br>&#8211; Poprawa og\u00f3lnej sprawno\u015bci fizycznej<br>&#8211; Wady ko\u0144czyn<br> * szpotowo\u015b\u0107<br> * ko\u015blawo\u015b\u0107<br><br><br><\/p>\n","protected":false},"excerpt":{"rendered":"<p>Instruktor: mgr Dorota Markowska &#8211; Korekcja Wad Postawy * skolioza * lordoza * kifoza&#8211; Wady st\u00f3p&#46;&#46;&#46;<\/p>\n","protected":false},"author":1,"featured_media":0,"parent":0,"menu_order":10,"comment_status":"closed","ping_status":"closed","template":"","meta":{"_eb_attr":"","_uag_custom_page_level_css":"","footnotes":""},"class_list":["post-405","page","type-page","status-publish","hentry"],"uagb_featured_image_src":{"full":false,"thumbnail":false,"medium":false,"medium_large":false,"large":false,"1536x1536":false,"2048x2048":false,"screenplan-small":false,"screenplan-medium":false,"screenplan-large":false,"screenplan-large-h":false,"alx-small":false,"alx-medium":false},"uagb_author_info":{"display_name":"admin6190","author_link":"https:\/\/kluboaza.pl\/index.php\/author\/admin6190\/"},"uagb_comment_info":0,"uagb_excerpt":"Instruktor: mgr Dorota Markowska &#8211; Korekcja Wad Postawy * skolioza * lordoza * kifoza&#8211; Wady st\u00f3p&#46;&#46;&#46;","_links":{"self":[{"href":"https:\/\/kluboaza.pl\/index.php\/wp-json\/wp\/v2\/pages\/405","targetHints":{"allow":["GET"]}}],"collection":[{"href":"https:\/\/kluboaza.pl\/index.php\/wp-json\/wp\/v2\/pages"}],"about":[{"href":"https:\/\/kluboaza.pl\/index.php\/wp-json\/wp\/v2\/types\/page"}],"author":[{"embeddable":true,"href":"https:\/\/kluboaza.pl\/index.php\/wp-json\/wp\/v2\/users\/1"}],"replies":[{"embeddable":true,"href":"https:\/\/kluboaza.pl\/index.php\/wp-json\/wp\/v2\/comments?post=405"}],"version-history":[{"count":10,"href":"https:\/\/kluboaza.pl\/index.php\/wp-json\/wp\/v2\/pages\/405\/revisions"}],"predecessor-version":[{"id":3009,"href":"https:\/\/kluboaza.pl\/index.php\/wp-json\/wp\/v2\/pages\/405\/revisions\/3009"}],"wp:attachment":[{"href":"https:\/\/kluboaza.pl\/index.php\/wp-json\/wp\/v2\/media?parent=405"}],"curies":[{"name":"wp","href":"https:\/\/api.w.org\/{rel}","templated":true}]}}